(143).
-11
Let y(s) = s**2 + 2936*s + 17576. Determine y(-6).
-4
Let t(r) = 130482*r + 3262179. What is t(-25)?
129
Let d(p) = 243*p + 12136. Calculate d(-50).
-14
Let n(q) = 23952*q + 95776. What is n(-4)?
-32
Let f(z) = -50*z + 185. Determine f(-14).
885
Let k(t) = -4*t**3 - 35*t - 257. What is k(-6)?
817
Let n(v) = 158*v - 15484. Give n(98).
0
Let r(w) = 762*w**2 + 2200*w + 113. Determine r(-3).
371
Let j(u) = 2*u**2 - 174*u + 1509. What is j(10)?
-31
Let o(j) = 2*j**3 - 195*j**2 - 3154*j - 10553. Give o(112).
-25
Let n(l) = -63203*l + 631978. Give n(10).
-52
Let k(i) = -i**3 - 18*i**2 + 1610*i - 15358. Give k(23).
-17
Let m(y) = 1571*y**2 + 4898*y + 549. Calculate m(-3).
-6
Let q(x) = x**3 - 194*x**2 + 664*x + 18240. What is q(190)?
0
Let z(l) = 10749*l + 107573. Give z(-10).
83
Let u(a) = -2*a**2 + a + 367. What is u(-17)?
-228
Let i(k) = 490*k**3 + 6*k**2 - 6*k + 7. Determine i(2).
3939
Let k(f) = 106401*f - 212802. What is k(2)?
0
Let d(f) = -36*f**2 - 2457*f + 1704. Give d(-69).
-159
Let j(u) = 856*u**3 + 24*u**2 + 225*u + 343. What is j(-2)?
-6859
Let v(c) = 1650*c - 729387. Calculate v(442).
-87
Let l(r) = -4369*r**2 - 122333*r - 45. Give l(-28).
-17
Let o(a) = 7*a**2 + 18146*a + 90555. Calculate o(-5).
0
Let x(o) = -10*o**3 + 76*o**2 - 121*o - 65. What is x(9)?
-2288
Let v(x) = 20*x - 3513. Determine v(119).
-1133
Let c(f) = -21*f**2 + 1499*f - 133. Determine c(71).
435
Let d(j) = 2*j**3 + 97*j**2 + 1122*j + 329. Determine d(-30).
-31
Let u(v) = 37*v**3 + 19*v**2 - 33*v + 125. Determine u(3).
1196
Let j(g) = g**2 + 291*g + 9632. Determine j(-253).
18
Let a(r) = r**3 - 459*r**2 + 1031*r - 53490. Calculate a(457).
-21
Let g(p) = 184*p**2 - 182*p - 121. Give g(6).
5411
Let f(l) = -739*l**2 + 919*l + 21. Determine f(1).
201
Let i(r) = -395*r + 72412. What is i(183)?
127
Let p(k) = -35301*k - 105644. Determine p(-3).
259
Let r(m) = -m**2 - 238*m + 30596. What is r(99)?
-2767
Let u(z) = z**3 + 17*z**2 + 271*z + 1789. Give u(-9).
-2
Let h(j) = 59*j**2 + 461*j - 2864. Determine h(6).
2026
Let k(x) = -121*x - 5237. What is k(-52)?
1055
Let d(l) = 817*l + 59009. Give d(-72).
185
Let u(s) = -s**3 + 49*s**2 - 232*s + 16999. Calculate u(51).
-35
Let u(w) = 4*w**2 + 8042*w - 24147. Determine u(3).
15
Let c(n) = -2847*n + 948032. What is c(333)?
-19
Let a(v) = 68*v**2 - 6121*v - 12499. Calculate a(-2).
15
Let p(c) = -2*c**3 - 796*c**2 - 11*c - 4373. Determine p(-398).
5
Let d(x) = 40199*x - 80123. What is d(2)?
275
Let r(h) = -87*h - 3756. What is r(-45)?
159
Let j(w) = -1415*w - 7771. Determine j(-3).
-3526
Let i(o) = -o**3 + 14*o**2 - 34*o + 866. Calculate i(15).
131
Let o(a) = 135*a - 8227. Calculate o(59).
-262
Let l(j) = -41*j**3 - 4*j**2 - 9*j + 14. What is l(2)?
-348
Let n(q) = 7247*q + 22838. Determine n(-3).
1097
Let l(r) = 66*r**3 + 335*r**2 + 39*r + 150. What is l(-5)?
80
Let y(b) = 631*b - 19563. Determine y(31).
-2
Let n(k) = -3*k**3 + 10*k**2 + 94*k - 589. Calculate n(5).
-244
Let m(x) = 74*x**2 - 24780*x - 3379. What is m(335)?
-29
Let c(d) = -d**2 - 1181*d - 195416. Calculate c(-199).
2
Let m(p) = 2*p**2 + 238*p - 397. What is m(-121)?
87
Let x(k) = -k**3 + 146*k**2 - 4937*k + 668. Calculate x(93).
-76
Let t(g) = 11435*g - 365985. Determine t(32).
-65
Let f(o) = 3165*o + 750105. What is f(-237)?
0
Let d(j) = j**2 + 905*j - 19459. Give d(21).
-13
Let z(f) = f**3 + 143*f**2 - 427*f - 80811. Determine z(-142).
-13
Let u(g) = -967*g + 2819. What is u(7)?
-3950
Let m(p) = -1417*p + 78936. Calculate m(56).
-416
Let q(a) = 7086*a + 439331. Calculate q(-62).
-1
Let m(n) = 292599*n + 51. Calculate m(0).
51
Let a(m) = 12*m**2 - 103*m - 152. Calculate a(6).
-338
Let d(y) = -138*y**2 + 15112*y + 7483. What is d(110)?
3
Let a(v) = -44*v**3 - 9*v**2 + 106*v - 287. Give a(3).
-1238
Let j(w) = 2*w**2 + 246*w - 48568. Calculate j(-229).
-20
Let c(g) = 67608*g - 405379. Calculate c(6).
269
Let v(x) = -115*x**2 + 8127*x - 40636. Give v(5).
-2876
Let x(g) = -4186*g**2 - 96281*g - 73. Give x(-23).
-4
Let x(n) = -3*n**3 + 17*n**2 + 63*n - 3. Determine x(-3).
42
Let b(p) = 2*p**3 + 26*p + 23. Give b(-5).
-357
Let v(l) = 3*l**2 + 7434*l + 292550. Give v(-40).
-10
Let l(g) = -2973*g - 5917. Give l(-2).
29
Let g(w) = w**3 + 15*w**2 + 7705*w + 123525. Determine g(-16).
-11
Let m(i) = i**3 + 2270*i**2 + 5*i + 43. Determine m(0).
43
Let i(q) = -7*q**2 - 2828*q + 247621. What is i(74)?
17
Let r(l) = 62543*l + 500498. Calculate r(-8).
154
Let c(s) = s**3 + 58*s**2 + 41*s + 5835. Calculate c(-59).
-65
Let k(t) = -t**2 - 22*t - 96. Determine k(-10).
24
Let v(l) = 73*l**2 - 17432*l - 3503. Calculate v(239).
82
Let y(v) = 4*v**2 + 1206*v - 70293. Give y(50).
7
Let s(c) = -23916*c + 167405. Determine s(7).
-7
Let a(s) = -26*s - 5338. Calculate a(-176).
-762
Let n(m) = 2*m**3 + 3102*m**2 + 9309*m + 32514. Calculate n(-1548).
6
Let m(c) = 6*c**2 - 399*c - 4569. Give m(-11).
546
Let r(c) = -24674*c + 24655. Give r(1).
-19
Let q(g) = -993*g + 29884. Give q(30).
94
Let i(s) = -2*s**3 + 48*s**2 - 275*s + 127. What is i(16)?
-177
Let q(w) = 126*w**3 + 16*w**2 - 9*w - 11. Give q(-1).
-112
Let o(t) = t**3 + 108*t**2 - 222*t - 3992. What is o(-110)?
-3772
Let u(j) = -14*j**3 + 1357*j**2 + 94*j + 152. Give u(97).
-139
Let o(s) = 532*s + 26552. Calculate o(-50).
-48
Let z(f) = 385*f + 83412. Give z(-222).
-2058
Let y(h) = -h**3 + 167*h**2 - 101*h + 16997. Give y(167).
130
Let f(h) = -1289*h + 242297. Give f(188).
-35
Let v(m) = -9*m**3 - 181*m**2 - 19*m + 30. Calculate v(-20).
10
Let j(r) = 3*r**2 - 562*r + 12744. Calculate j(23).
1405
Let w(a) = -7101*a + 28506. Determine w(4).
102
Let v(p) = 37*p**2 - 178*p + 840. Determine v(5).
875
Let j(u) = u**2 - 11617*u - 116265. Determine j(-10).
5
Let h(t) = 185*t - 4832. Determine h(30).
718
Let w(v) = 123*v**3 - 461*v**2 + 328*v + 13. Calculate w(1).
3
Let x(c) = -8*c**3 - 28*c**2 + 127*c - 12. Determine x(-6).
-54
Let u(i) = -2*i**2 - 145*i + 6703. What is u(-105)?
-122
Let u(o) = -2438*o**3 - 928878*o**2 - 2*o - 747. Determine u(-381).
15
Let q(s) = -1624*s - 16256. Give q(-10).
-16
Let l(c) = -c**2 - 1879*c + 1586944. Give l(632).
-8
Let v(y) = -268*y**3 - y**2 + 200*y - 394. Give v(2).
-2142
Let l(r) = -2188*r - 164295. Determine l(-75).
-195
Let g(k) = 18*k**3 - 1204*k**2 - 124*k - 590. Calculate g(67).
80
Let g(j) = -j**3 + 12*j**2 + 34*j - 244. What is g(10)?
296
Let m(b) = 2785*b + 215. Calculate m(0).
215
Let u(b) = b**3 + 2*b**2 - 165*b - 1288. What is u(-7)?
-378
Let s(q) = 2*q**2 + 1062*q + 98000. What is s(-119)?
-56
Let y(g) = -g**2 - 98*g - 2083. Determine y(-67).
-6
Let v(h) = -2*h**2 + 516*h + 5898. Determine v(-11).
-20
Let d(v) = v**3 - 22*v**2 - 164*v - 43. Determine d(-7).
-316
Let a(i) = 4*i**3 + 296*i**2 - 1271*i - 1786. What is a(-78)?
8
Let v(a) = -38692*a + 580350. Determine v(15).
-30
Let f(h) = 63488*h + 380925. Determine f(-6).
-3
Let l(b) = -b**3 - 649*b**2 - 153*b + 13. Calculate l(0).
13
Let x(r) = -236775*r + 710334. Calculate x(3).
9
Let p(c) = 5*c**3 - 266*c**2 + 298*c + 711. What is p(52)?
-17
Let q(m) = m**3 - 47*m**2 - 20*m - 1374. Determine q(48).
-30
Let y(m) = 15*m**2 + 117*m - 382. Give y(-14).
920
Let y(l) = -l**3 - 99*l**2 - 419*l - 4096. What is y(-95)?
-391
Let j(u) = 6981*u + 34884. Give j(-5).
-21
Let n(a) = 5*a**3 - 125*a**2 + 382*a - 76. What is n(22)?
1068
Let k(d) = -d**3 - 26*d**2 + 75*d + 601. Give k(-28).
69
Let q(h) = -1502*h - 1665. What is q(-3)?
2841
Let n(d) = 2*d**3 - 88*d**2 + 2*d - 1971. Calculate n(44).
-1883
Let h(n) = 7*n**2 + 278*n + 424. What is h(-35)?
-731
Let d(m) = 8202*m + 11999536. Determine d(-1463).
10
Let l(g) = 21*g**3 - 7*g**2 + 67*g - 108. What is l(4)?
1392
Let r(h) = -574*h**2 - 8018*h + 29. Determine r(-14).
-223
Let q(v) = -v**3 - 212*v**2 - 454*v - 7202. What is q(-210)?
-62
Let i(p) = -1510*p + 3109. Calculate i(2).
89
Let c(v) = 226*v - 40000. Give c(177).
2
Let r(z) = 145*z**2 + 1481*z + 31. Give r(-10).
-279
Let r(z) = -61115*z + 1955695. Calculate r(32).
15
Let o(b) = 2760*b - 18251. What is o(7)?
1069
Let c(o) = -62*o + 2119. What is c(37)?
-175
Let k(b) = 7165*b**2 - 128976*b + 156. Determine k(18).
48
Let y(o) = 2*o**3 - 349*o**2 + 2827*o - 27. Determine y(166).
803
Let d(h) = -14*h**3 + 264*h**2 + 124*h - 1604. Give d(19).
30
Let n(x) =